se 13, what is 121 + 470?
591
In base 2, what is -11001001 - -1100101001111?
1100010000110
In base 8, what is 545731 + 5?
545736
In base 11, what is -92446 - -1?
-92445
In base 14, what is -5 - 16c205?
-16c20a
In base 12, what is a0 + 66?
146
In base 13, what is b2cb6 + -2?
b2cb4
In base 2, what is 1001001111001000001 + 100?
1001001111001000101
In base 11, what is 4 + -99631?
-99628
In base 15, what is c35 - 7e?
ba6
In base 9, what is -4 + 13?
8
In base 8, what is -62 - 167?
-251
In base 8, what is -1 - -514110?
514107
In base 4, what is 112202 - -203?
113011
In base 2, what is -10 + 1110000011110?
1110000011100
In base 5, what is 43 - 221243?
-221200
In base 9, what is 83686 + 1?
83687
In base 4, what is -1302 - 202?
-2110
In base 11, what is 8981 + -3?
8979
In base 14, what is -123 + 26?
-db
In base 13, what is -1a - 2781?
-279b
In base 15, what is -79 + -237?
-2b1
In base 13, what is -1201 + -12?
-1213
In base 4, what is -1 - 3003223300?
-3003223301
In base 2, what is 10011100010001010101 + -100?
10011100010001010001
In base 12, what is 981a7 - -1?
981a8
In base 5, what is -20110 - 102442?
-123102
In base 13, what is 368 + 19?
384
In base 6, what is 21203122 + 4?
21203130
In base 6, what is 33012 + -1440?
31132
In base 4, what is -12201323 + -102?
-12202031
In base 4, what is -12 + 101201?
101123
In base 6, what is -1013 - 130053?
-131110
In base 11, what is -5 + -6919a3?
-6919a8
In base 13, what is -8 - -1045?
103a
In base 4, what is 3003001 + -1?
3003000
In base 14, what is -83 - -a?
-77
In base 7, what is -1 + -346431?
-346432
In base 12, what is 0 - 108340?
-108340
In base 15, what is 2c5 + -89?
23b
In base 11, what is 25 + 19333?
19358
In base 6, what is 2020143 + -2?
2020141
In base 11, what is -18 + -319a?
-3207
In base 15, what is -8982 - -5?
-897c
In base 5, what is 112 - -121422?
122034
In base 3, what is 10120012 - 20121?
10022121
In base 14, what is 1c6 - -210?
3d6
In base 8, what is 4534 + -1?
4533
In base 14, what is -1b0c1 + 5?
-1b0ba
In base 2, what is 1000 + 1011000000?
1011001000
In base 4, what is 11 + -31103300?
-31103223
In base 11, what is 393560 + a?
39356a
In base 5, what is 0 + -422211?
-422211
In base 10, what is -1 - -240887?
240886
In base 3, what is 10 + -220010222?
-220010212
In base 6, what is -4524055 + 0?
-4524055
In base 6, what is -112 + 114110?
113554
In base 13, what is -a71c + 15?
-a707
In base 7, what is 1620304 + 1?
1620305
In base 12, what is 1887 - -28?
18b3
In base 13, what is -27 + 827?
800
In base 8, what is 2410625 + 5?
2410632
In base 3, what is -10020022 + -1122?
-10021221
In base 15, what is 3 + 4762?
4765
In base 14, what is -690 - -13c?
-552
In base 13, what is 36 - -285?
2bb
In base 6, what is 42401 - 22?
42335
In base 9, what is -4425 + -2?
-4427
In base 4, what is -3331 + 130302?
120311
In base 14, what is -437 + -74?
-4ab
In base 4, what is -13020320 + 1?
-13020313
In base 12, what is 47 - 1598?
-1551
In base 14, what is 3 + -b8ab?
-b8a8
In base 2, what is 11010000011 + -10010?
11001110001
In base 2, what is 10001101 + -110101010000111?
-110100111111010
In base 7, what is 10 - 40?
-30
In base 4, what is 10 - 300102?
-300032
In base 16, what is 307c75 + 4?
307c79
In base 14, what is 1 + 3b1?
3b2
In base 9, what is 3732 + 26?
3758
In base 6, what is -323424 - -23?
-323401
In base 6, what is 2 - -55402?
55404
In base 3, what is 12012001201 + 11?
12012001212
In base 7, what is -3 - 4632?
-4635
In base 7, what is 242 + -56315?
-56043
In base 8, what is 20 + -12610?
-12570
In base 10, what is 95994 + -3?
95991
In base 3, what is 11220 + -121011112?
-120222122
In base 3, what is -1022020210 - -11?
-1022020122
In base 9, what is -32 - -62343?
62311
In base 12, what is 28a - -10?
29a
In base 10, what is 7 + 42231?
42238
In base 6, what is 35115 + 13?
35132
In base 12, what is 9a8 - -67?
a53
In base 10, what is 384779 - 0?
384779
In base 11, what is 4a70a - 14?
4a6a6
In base 8, what is -145 + -5165?
-5332
In base 12, what is 12ab72 - 7?
12ab67
In base 15, what is -38 + -d4?
-11c
In base 11, what is -439628 + -2?
-43962a
In base 2, what is 1110101001101011 - 101?
1110101001100110
In base 6, what is -3 + -125301?
-125304
In base 4, what is 3003133 - -10?
3003203
In base 12, what is -6 + -31441?
-31447
In base 15, what is 4 - 247b0?
-247ab
In base 6, what is -4455 + -33?
-4532
In base 14, what is 1 + cbdcc?
cbdcd
In base 6, what is -1 - -54553?
54552
In base 2, what is -11000011011111001 + -1?
-11000011011111010
In base 2, what is 1101 + 10101100110100?
10101101000001
In base 15, what is -7c9 + -415?
-bde
In base 8, what is -2110 + -3?
-2113
In base 5, what is -10 + -14332302?
-14332312
In base 12, what is 3 + 87b?
882
In base 6, what is -10043 - -50?
-5553
In base 6, what is -3240425 - 4?
-3240433
In base 7, what is 2651 + -262?
2356
In base 7, what is 145365 + 134?
145532
In base 5, what is -223344 + -2022?
-230421
In base 12, what is 587288 + -2?
587286
In base 5, what is -104210 + 140?
-104020
In base 16, what is -1 - -35c44?
35c43
In base 2, what is -110010001011 - 10010?
-110010011101
In base 15, what is 132 + -36?
eb
In base 15, what is -97 - -4a5d?
49b6
In base 9, what is 76721 + -2?
76718
In base 6, what is 12415 - -43?
12502
In base 16, what is -3 - 3a2fc?
-3a2ff
In base 9, what is 64 - 203?
-128
In base 15, what is -89bc1 - 5?
-89bc6
In base 12, what is 131b - 5a?
1281
In base 9, what is -3660 - -24?
-3635
In base 5, what is 2311 - -1010?
3321
In base 2, what is -110 + -11111100101011111?
-11111100101100101
In base 16, what is 78bb - -4?
78bf
In base 15, what is -18 - 3c5?
-3dd
In base 2, what is -1000011 + -11110111011?
-11111111110
In base 8, what is 764 - -67?
1053
In base 11, what is 1 + -411681?
-411680
In base 14, what is -b027 - 9a?
-b0c3
In base 8, what is 2 - -1361151?
1361153
In base 12, what is 21 - -17501?
17522
In base 11, what is -3 - -15098?
15095
In base 9, what is -7 + 2601?
2583
In base 4, what is 30 + 303133031?
303133121
In base 7, what is 5 + -6411?
-6403
In base 7, what is -215530 - 5?
-215535
In base 6, what is -14 + -154143?
-154201
In base 14, what is -3608d - 2?
-36091
In base 10, what is -4045 + 4?
-4041
In base 4, what is 123002233323 - -3?
123002233332
In base 16, what is a768 - 3?
a765
In base 8, what is 107105 + 10?
107115
In base 11, what is 3a461 - -29?
3a48a
In base 10, what is -8 - 1492?
-1500
In base 6, what is 4 + -5250?
-5242
In base 2, what is -110000100010111 + 1000?
-110000100001111
In base 12, what is -54 + 233?
19b
In base 7, what is 666254 - 12?
666242
In base 16, what is 11d + -79a?
-67d
In base 11, what is 2a11684 + -3?
2a11681
In base 8, what is 14 - -1312?
1326
In base 6, what is 5 + 2314152?
2314201
In base 4, what is 2220 + -11113?
-2233
In base 10, what is -118302 + 4?
-118298
In base 3, what is -1111 - 101021211?
-101100022
In base 10, what is -12145 - -5?
-12140
In base 6, what is 50352352 - 3?
50352345
In base 14, what is -3 + -d462?
-d465
In base 5, what is 321410013 - 4?
321410004
In base 3, what is 21200102101 - -1000?
21200110101
In base 9, what is -118 - 26506?
-26625
In base 9, what is -3 + -1400?
-1403
In base 9, what is -238674 - -4?
-238670
In base 5, what is 1341000 - -2?
1341002
In base 3, what is 22121 + -1202?
20212
In base 6, what is 5 - 1054534?
-1054525
In base 7, what is 412002 - -1?
412003
In base 2, what is 100010111101001 + 111?
100010111110000
In base 11, what is 778 - -35?
802
In base 3, what is -120 + -11011112?
-11012002
In base 13, what is -4b0105 + -4?
-4b0109
In base 6, what is 154 + -122204?
-122010
In base 4, what is -222231 + 311?
-221320
In base 13, what is -11 - 1076c?
-10780
In base 5, what is 240103 - 340?
234213
In base 2, what is 1111110011 - 111000?
1110111011
In base 7, what is 144 + -114422?
-114245
In base 8, what is -447771 - -2?
-447767
In base 15, what is 16 + -2ad8?
-2ac2
In base 12, what is 11 - 47b?
-46a
In base 4, what is -3 + 1122?
1113
In base 9, what is 1 + -21633?
-21632
In base 6, what is 0 - 2432450?
-2432450
In base 14, what is -5 - b494?
-b499
In base 10, what is 0 + 366537?
366537
In base 14, what is -2d - a34?
-a63
In base 2, what is -110100 - 1111111001110?
-10000000000010
In base 5, what is 23330231 + 12?
23330243
In base 16, what is -13f8 + -c8?
-14c0
In base 12, what is 